/6 - x**2. What are the prime factors of m(g)?
3
Let h = -25 + 48. Suppose -h = -n - 7. What are the prime factors of n?
2
Suppose -3*a - 42 = -6*a. List the prime factors of a.
2, 7
Let r(t) = t + 1. Let g be r(8). Suppose g*o - 6*o - 69 = 0. List the prime factors of o.
23
Let v(r) = 14*r - 51. List the prime factors of v(10).
89
Let u = 5 + -3. Suppose -5*c = -7*c - 3*p - 5, u*p = -3*c + 5. List the prime factors of c.
5
Let o(c) = c + 5. Let y be o(9). List the prime factors of ((-4)/6)/(y/(-525)).
5
Let g = 58 + -41. Let i = 7 + g. What are the prime factors of i?
2, 3
Let s(t) = 5*t - 8. Let l(k) = -k. Let d(j) = 3*l(j) + s(j). Let i = 10 + -3. List the prime factors of d(i).
2, 3
Suppose -3*j - 12 = -7*j - 4*y, 0 = 5*y + 5. What are the prime factors of j?
2
Suppose -3*x = 3, -3*x + 6*x - 5 = -2*i. Suppose 5*y - 34 = -3*t, i*t - 35 = -t - 4*y. Suppose -11 = -o - 0*p - 2*p, 3 = t*p. What are the prime factors of o?
3
Let h = -2 - -5. What are the prime factors of 3*((0 - h) + 8)?
3, 5
Let y(q) = q**3 + 5*q**2 - q - 3. Let w be y(-5). Let u(b) = -4*b + 2 + 3 + 5*b - 3*b**2 + 4*b**w. List the prime factors of u(0).
5
Let w = 16 + -40. Let a = 77 + w. Suppose 4*g = g + 3*u + 42, 3*u = 4*g - a. What are the prime factors of g?
11
Let q = 24 - 22. What are the prime factors of q?
2
Suppose 31 = 3*c - 4*z, -11 = 4*z + 5. What are the prime factors of c?
5
Let f = -4 + 4. Suppose f = 2*k - 2*n - 12, -4*n - 11 = -3. Suppose -3*d = k - 31. What are the prime factors of d?
3
Let t(k) = -k**3 - k**2 - 3*k + 2. Suppose -2*z - 7 = -1. What are the prime factors of t(z)?
29
Let d(p) = p**2 - p - 1. Suppose i = -k, 3 = k - 2*i - 6. Suppose 0 = 2*b - k*b + 3. List the prime factors of d(b).
5
Let u(x) = 61*x**2 + 11*x + 23. What are the prime factors of u(-2)?
5, 7
Suppose 0*o = 5*o + 15. List the prime factors of 415/20 - o/(-4).
2, 5
Let o(k) = k**2 - 5*k - 10. Let g be o(9). Let d = g + -2. List the prime factors of d.
2, 3
Let u = -2 - -2. Suppose 5*f - f - 32 = u. What are the prime factors of f?
2
Suppose -50 = -s - 5*a, 0 = 2*s + 7*a - 2*a - 75. List the prime factors of s.
5
Suppose 11*p = -592 + 1615. What are the prime factors of p?
3, 31
Let z be (-3)/((-3)/2) + 1. Suppose -n - z*n + 20 = 0. Suppose n*o - 10 = 5. List the prime factors of o.
3
Suppose 9 = -4*n + 3*b + 2, 0 = -2*n + 4*b - 16. Suppose 12 = t + n. List the prime factors of t.
2, 5
Let w = 5 + 2. Let t(f) = f**3 - 5*f**2 - 10*f. What are the prime factors of t(w)?
2, 7
Let n(q) = q**3 - 7*q**2 - 9*q + 10. Let p be n(8). Suppose -6*l = -p*l - 20. List the prime factors of l.
5
Let n(d) be the second derivative of -d**4/4 - 5*d**3/6 - 15*d**2/2 - d. Let p(y) = y**2 + 2*y + 7. Let v(c) = 2*n(c) + 5*p(c). List the prime factors of v(0).
5
Suppose 0 = -4*w - 5*z + 17 + 29, -3*w - 3*z + 33 = 0. Suppose 2*m + 5 = 3*o - 3, -m - 4 = 0. List the prime factors of w - (o + 2/1).
7
Let h be 18/8 + 6/(-24). Suppose -3*r + 2 = -h*r. List the prime factors of r.
2
What are the prime factors of 2*-3 - -2 - -54?
2, 5
Suppose 2*u + 5*a - 5 = u, -a + 2 = 0. Let q(w) be the third derivative of w**6/120 + w**5/15 - w**4/4 + 5*w**3/6 + 3*w**2. What are the prime factors of q(u)?
2, 5
Let w be (-6 - -8)*6/4. Suppose -w*k + 3*y = k - 81, -5*y - 15 = 0. What are the prime factors of k?
2, 3
Let n(v) = 2*v - 2. Let k(b) = -2*b + 2. Let f(y) = -6*k(y) - 5*n(y). Suppose 4*r = 7 + 1. List the prime factors of f(r).
2
Let v(f) = -f**2 + 4*f - 3. Let m be v(3). Suppose 5*o + 9 - 144 = m. Suppose 4*l - l = o. What are the prime factors of l?
3
Let n = -2 + 0. Let l = n + 9. Let s = l + 0. What are the prime factors of s?
7
Let t = 54 - 35. What are the prime factors of t?
19
Let z(i) = i**3 - 12*i**2 - i + 17. Let p be z(12). Let l(k) = -k**3 + 6*k**2 - 4*k + 11. List the prime factors of l(p).
2
Let x = 5 - 1. Suppose 8*v - 40 = x*v. List the prime factors of v.
2, 5
Suppose -q + 3 + 2 = 0. Suppose 69 = 5*w - 11. Suppose 29 = q*l - w. List the prime factors of l.
3
Let b = 157 - 112. Let o = b + -28. What are the prime factors of o?
17
Let r(q) = -q - 4. Let w be r(-10). Let u = 31 - w. Suppose 3*s - u = -3*f + 11, -3*s + 5*f - 4 = 0. What are the prime factors of s?
7
What are the prime factors of 430/15*(-3)/(-2)?
43
Let n(y) = -y**2 - 3*y + 21. What are the prime factors of n(0)?
3, 7
Let j = 21 + -8. Let g = j - -9. List the prime factors of g.
2, 11
Let l(v) = v**3 - 5*v - 1. Let b(d) = d**2 - d + 1. Let h(i) = -3*b(i) + l(i). What are the prime factors of h(5)?
2, 3
Let f(z) = 3*z**2 + 1. Suppose 2*u - 13 = -5*v + u, -3*v - 4*u + 1 = 0. Let n be (-2 + v)*2/2. What are the prime factors of f(n)?
2
Let a = -2 + 2. Suppose -2*c - 2*w = -36, a*c + 4*c - 2*w = 102. What are the prime factors of c?
23
Let r(g) = g**3 + 6*g**2 - g + 4. List the prime factors of r(-6).
2, 5
Let v(x) = -2 + x + 5 + 6. What are the prime factors of v(-6)?
3
Let l = 933 + -612. List the prime factors of l.
3, 107
Let x(w) = 11*w**3 + 8*w**2 - 12*w + 3. What are the prime factors of x(3)?
2, 3, 7
What are the prime factors of (131 + 1)/(4 - 3)?
2, 3, 11
Suppose -3*f + 2*o + 4 = -2*o, 3*o = 4*f - 17. Suppose 5*h - 2*h - 11 = -4*i, f = i - h. Suppose 2*q - 44 = -2*q - v, i*q - v = 64. List the prime factors of q.
2, 3
Suppose 4*j = 5*m - 6 - 90, -4*j = 5*m + 96. Let r be -2*4*(-12)/(-8). Let w = r - j. What are the prime factors of w?
2, 3
Suppose 3*z + 32 = -5*j, 3*z - j = -56 - 6. Suppose -4*i - 8 = -4*r, 2*r = -2*i + i - 14. Let y = i - z. List the prime factors of y.
13
Let a be (2 + -1)*(-28)/7. Let n(i) = i**3 + 6*i**2 + 6*i + 3. List the prime factors of n(a).
11
Let w(l) = -2*l - 7. Let m(j) = -3*j - 13. Let v(s) = -3*m(s) + 5*w(s). Let b be v(4). Suppose b*a = -3*a + 42. What are the prime factors of a?
2, 7
Suppose 4 = -2*a + 8. Let s(q) = q**3 - 3*q**2 + 4*q - 2. Let h be s(a). Suppose h*x - 10 = 3*g - 7*g, 4 = -4*x. List the prime factors of g.
3
Let c = -9 - -30. What are the prime factors of c?
3, 7
Suppose -3*f + 44 = -f. List the prime factors of f.
2, 11
Let v = -11 - -6. Let m be (-831)/(-15) - (-2)/v. Suppose -5*o = -0*o - m. What are the prime factors of o?
11
Suppose 3*p - 5*p - 6 = -r, 0 = -r + 2. Let v = p + 5. What are the prime factors of v?
3
Let r = 4 + -1. Suppose -5*v + 18 = -r*v. What are the prime factors of v?
3
Suppose -4*k + 155 = 5*j, -j - 4 = 1. What are the prime factors of k?
3, 5
Suppose 2*i + 3*r = 9, -2*i - 2*r = -3*i + 1. Suppose i*m - 22 = m. What are the prime factors of m?
11
Let z be 0/(-1) - 0/(-2). Let x = -2 + 5. Suppose -2*i + z = g - 8, 9 = x*i. List the prime factors of g.
2
Suppose 0 = -r - 1, -2*i - 2*i = 3*r - 229. List the prime factors of i.
2, 29
What are the prime factors of (-1 + -1)*(-125)/10?
5
Let d = 9 - 7. Suppose 22 = d*b + 4. What are the prime factors of b?
3
Suppose -2*u + w + 152 = 3*w, 84 = u - 3*w. What are the prime factors of u?
2, 3, 13
Let a(u) = -u**3 + 7*u**2 - u. List the prime factors of a(5).
3, 5
Let n = 18 + -17. List the prime factors of (7*(6 - n))/1.
5, 7
Let i be (-6)/8 + (-18)/(-24). Suppose -4*x + i*d - 3*d - 3 = 0, 4*x - 27 = 3*d. Let z = 3 + x. What are the prime factors of z?
2, 3
What are the prime factors of 2 + 9/3 + 192?
197
Let v(x) = 10*x - 7. List the prime factors of v(3).
23
Suppose 5*b + 225 = 5*z, -2*z + 43 = 5*b - 61. What are the prime factors of z?
47
Suppose 1 - 4 = -m. Suppose -m*j + 4*w = -57 - 33, j = -3*w + 30. What are the prime factors of (-6)/j - (-86)/5?
17
Suppose 3*w = -3*o - 36, o + 15 = 5*w + 63. Let c = 21 + w. What are the prime factors of c?
11
Let a(j) be the second derivative of 1/12*j**4 + 1/3*j**3 + 0 - 3*j - 1/2*j**2 - 1/20*j**5. What are the prime factors of a(-2)?
7
What are the prime factors of -3*1*152/(-12)?
2, 19
Let l = -155 - -107. Let o = -26 - l. List the prime factors of o.
2, 11
Let z be (1/((-3)/9))/(-1). Suppose 0 = w - 5*v - z - 12, -27 = 3*w + 3*v. List the prime factors of ((-4)/w)/(6/45).
2, 3
Let d(t) = t**3 + 10*t**2 + 7. Let l be d(-10). Let o be 25/(-10) + 2/(-4). Let y = o + l. List the prime factors of y.
2
Suppose 5*u - 29 = m, -2*m = 2*u - 3*m - 14. Suppose -54 = -u*z + 141. List the prime factors of z.
3, 13
Let i(p) = 10*p - 6*p - 2*p. Suppose -2*n - 2*s = -0*n, -2*n - 3*s - 3 =